{"id":807,"date":"2022-06-05T18:29:36","date_gmt":"2022-06-05T18:29:36","guid":{"rendered":"http:\/\/venusmenu.com\/?page_id=807"},"modified":"2022-06-09T16:32:02","modified_gmt":"2022-06-09T16:32:02","slug":"anasayfa","status":"publish","type":"page","link":"https:\/\/venusmenu.com\/","title":{"rendered":"anasayfa"},"content":{"rendered":"\t\t<div data-elementor-type=\"wp-page\" data-elementor-id=\"807\" class=\"elementor elementor-807\" data-elementor-post-type=\"page\">\n\t\t\t\t\t\t<section class=\"elementor-section elementor-top-section elementor-element elementor-element-1584d7f elementor-section-height-min-height elementor-section-boxed elementor-section-height-default elementor-section-items-middle\" data-id=\"1584d7f\" data-element_type=\"section\" data-e-type=\"section\" data-settings=\"{&quot;background_background&quot;:&quot;classic&quot;}\">\n\t\t\t\t\t\t<div class=\"elementor-container elementor-column-gap-default\">\n\t\t\t\t\t<div class=\"elementor-column elementor-col-100 elementor-top-column elementor-element elementor-element-53c5330\" data-id=\"53c5330\" data-element_type=\"column\" data-e-type=\"column\">\n\t\t\t<div class=\"elementor-widget-wrap elementor-element-populated\">\n\t\t\t\t\t\t<div class=\"elementor-element elementor-element-f3a33d5 elementor-widget elementor-widget-image\" data-id=\"f3a33d5\" data-element_type=\"widget\" data-e-type=\"widget\" data-widget_type=\"image.default\">\n\t\t\t\t<div class=\"elementor-widget-container\">\n\t\t\t\t\t\t\t\t\t\t\t\t\t\t\t<img fetchpriority=\"high\" decoding=\"async\" width=\"800\" height=\"287\" src=\"https:\/\/venusmenu.com\/wp-content\/uploads\/2022\/06\/logo-beyaz.png\" class=\"attachment-large size-large wp-image-810\" alt=\"\" srcset=\"https:\/\/venusmenu.com\/wp-content\/uploads\/2022\/06\/logo-beyaz.png 800w, https:\/\/venusmenu.com\/wp-content\/uploads\/2022\/06\/logo-beyaz-300x108.png 300w, https:\/\/venusmenu.com\/wp-content\/uploads\/2022\/06\/logo-beyaz-768x276.png 768w\" sizes=\"(max-width: 800px) 100vw, 800px\" \/>\t\t\t\t\t\t\t\t\t\t\t\t\t\t\t<\/div>\n\t\t\t\t<\/div>\n\t\t\t\t<section class=\"elementor-section elementor-inner-section elementor-element elementor-element-b6d9f67 elementor-section-boxed elementor-section-height-default elementor-section-height-default\" data-id=\"b6d9f67\" data-element_type=\"section\" data-e-type=\"section\">\n\t\t\t\t\t\t<div class=\"elementor-container elementor-column-gap-default\">\n\t\t\t\t\t<div class=\"elementor-column elementor-col-33 elementor-inner-column elementor-element elementor-element-b77ea49\" data-id=\"b77ea49\" data-element_type=\"column\" data-e-type=\"column\">\n\t\t\t<div class=\"elementor-widget-wrap elementor-element-populated\">\n\t\t\t\t\t\t<div class=\"elementor-element elementor-element-6ee7f59 elementor-view-default elementor-widget elementor-widget-icon\" data-id=\"6ee7f59\" data-element_type=\"widget\" data-e-type=\"widget\" data-widget_type=\"icon.default\">\n\t\t\t\t<div class=\"elementor-widget-container\">\n\t\t\t\t\t\t\t<div class=\"elementor-icon-wrapper\">\n\t\t\t<a class=\"elementor-icon\" href=\"https:\/\/venusmenu.com\/index.php\/menu\/\">\n\t\t\t<svg xmlns=\"http:\/\/www.w3.org\/2000\/svg\" xmlns:xlink=\"http:\/\/www.w3.org\/1999\/xlink\" viewBox=\"0 0 409.221 409.221\"><path d=\"m387.059,389.218h-14.329v-18.114h14.327c5.523,0 10-4.477 10-10 0-55.795-42.81-101.781-97.305-106.843v-17.29c0-5.523-4.477-10-10-10s-10,4.477-10,10v17.29c-54.496,5.062-97.305,51.048-97.305,106.843 0,5.523 4.477,10 10,10h14.327v18.114h-14.327c-5.523,0-10,4.477-10,10s4.477,10 10,10h24.13c0.131,0.003 0.262,0.003 0.393,0h145.564c0.065,0.001 0.131,0.002 0.196,0.002s0.131,0 0.196-0.002h24.133c5.523,0 10-4.477 10-10s-4.478-10-10-10zm-34.33,0h-125.957v-18.114h125.957v18.114zm-149.714-38.113c4.978-43.447 41.978-77.305 86.736-77.305s81.758,33.858 86.736,77.305h-173.472zm-71.385-253.799c-29.383,1.42109e-14-52.4,16.809-52.4,38.267 0,21.457 23.017,38.265 52.4,38.265 29.383,0 52.399-16.808 52.399-38.265 0-21.459-23.016-38.267-52.399-38.267zm0,56.531c-19.094,0-32.4-9.625-32.4-18.265 0-8.64 13.306-18.267 32.4-18.267 19.093,0 32.399,9.627 32.399,18.267 0,8.639-13.306,18.265-32.399,18.265zm23.553,235.383h-123.021v-320.568h198.936v166.52c0,5.523 4.477,10 10,10s10-4.477 10-10v-176.52c0-5.523-4.477-10-10-10h-4.701v-38.652c0-2.858-1.223-5.58-3.36-7.478-2.137-1.897-4.984-2.789-7.822-2.452l-204.236,24.327c-5.03,0.599-8.817,4.864-8.817,9.93v364.893c0,5.523 4.477,10 10,10h133.021c5.523,0 10-4.477 10-10s-4.477-10-10-10zm-123.021-346.014l184.235-21.944v27.391h-184.235v-5.447zm82.627,317.362c-5.523,0-10-4.477-10-10s4.477-10 10-10h33.681c5.523,0 10,4.477 10,10s-4.477,10-10,10h-33.681z\"><\/path><\/svg>\t\t\t<\/a>\n\t\t<\/div>\n\t\t\t\t\t\t<\/div>\n\t\t\t\t<\/div>\n\t\t\t\t<div class=\"elementor-element elementor-element-2e5e5b7 elementor-widget elementor-widget-heading\" data-id=\"2e5e5b7\" data-element_type=\"widget\" data-e-type=\"widget\" data-widget_type=\"heading.default\">\n\t\t\t\t<div class=\"elementor-widget-container\">\n\t\t\t\t\t<h2 class=\"elementor-heading-title elementor-size-default\"><a href=\"https:\/\/venusmenu.com\/index.php\/menu\/\">Ana Men\u00fc<\/a><\/h2>\t\t\t\t<\/div>\n\t\t\t\t<\/div>\n\t\t\t\t<div class=\"elementor-element elementor-element-fb29cc6 elementor-widget elementor-widget-heading\" data-id=\"fb29cc6\" data-element_type=\"widget\" data-e-type=\"widget\" data-widget_type=\"heading.default\">\n\t\t\t\t<div class=\"elementor-widget-container\">\n\t\t\t\t\t<h2 class=\"elementor-heading-title elementor-size-default\"><a href=\"https:\/\/venusmenu.com\/index.php\/menu\/\">Main Menu<\/a><\/h2>\t\t\t\t<\/div>\n\t\t\t\t<\/div>\n\t\t\t\t\t<\/div>\n\t\t<\/div>\n\t\t\t\t<div class=\"elementor-column elementor-col-33 elementor-inner-column elementor-element elementor-element-4def3e2\" data-id=\"4def3e2\" data-element_type=\"column\" data-e-type=\"column\">\n\t\t\t<div class=\"elementor-widget-wrap elementor-element-populated\">\n\t\t\t\t\t\t<div class=\"elementor-element elementor-element-153973f elementor-view-default elementor-widget elementor-widget-icon\" data-id=\"153973f\" data-element_type=\"widget\" data-e-type=\"widget\" data-widget_type=\"icon.default\">\n\t\t\t\t<div class=\"elementor-widget-container\">\n\t\t\t\t\t\t\t<div class=\"elementor-icon-wrapper\">\n\t\t\t<a class=\"elementor-icon\" href=\"https:\/\/venusmenu.com\/index.php\/ana_menu\/ana-yemekler-main-courses\/\">\n\t\t\t<svg xmlns=\"http:\/\/www.w3.org\/2000\/svg\" xmlns:xlink=\"http:\/\/www.w3.org\/1999\/xlink\" id=\"Layer_1\" x=\"0px\" y=\"0px\" viewBox=\"0 0 511.998 511.998\" style=\"enable-background:new 0 0 511.998 511.998;\" xml:space=\"preserve\"><g>\t<g>\t\t<polygon points=\"441.989,415.114 441.988,415.115 441.991,415.112   \"><\/polygon>\t<\/g><\/g><g>\t<g>\t\t<path d=\"M511.735,258.37c-1.466-27.595-8.93-53.535-22.187-77.1c-14.146-25.145-34.213-46.248-59.644-62.723   c-25.19-16.317-50.467-28.548-77.273-37.39c-44.162-14.566-88.035-20.259-130.402-16.933   c-37.518,2.949-73.109,12.835-105.785,29.386C62.851,120.757,20.605,165.147,6.191,209.459   c-9.082,27.925-8.168,50.155,2.718,66.072c16.949,24.781,51.782,26.754,72.594,27.933l2.23,0.128   c1.301,0.077,2.646,0.147,4.033,0.221c28.986,1.536,72.791,3.857,117.104,71.174c32.155,48.847,75.842,65.644,106.829,71.134   c9.775,1.732,19.725,2.575,29.66,2.575c34.96,0,69.676-10.454,95.31-29.457c1.784-1.322,3.574-2.71,5.321-4.127   C488.858,377.135,514.932,318.54,511.735,258.37z M430.496,400.932c-0.001,0.001-0.002,0.001-0.002,0.001   c-1.543,1.251-3.12,2.477-4.695,3.641c-29.027,21.519-71.526,30.55-110.917,23.574c-27.456-4.864-66.183-19.777-94.766-63.198   c-21.599-32.811-45.348-54.741-72.609-67.045c-23.115-10.432-43.727-11.525-58.778-12.322c-1.353-0.072-2.664-0.14-3.932-0.215   l-2.262-0.129c-17.459-0.989-46.68-2.644-58.56-20.013c-7.522-10.999-7.666-27.863-0.426-50.12   c10.163-31.245,42.07-75.29,101.142-105.213c29.037-14.708,69.857-28.455,121.009-28.455c30.23,0,64.078,4.806,101.213,17.055   c25.656,8.463,48.873,19.703,73.066,35.375c44.653,28.928,70.766,73.486,73.527,125.471   C496.394,313.689,472.838,366.622,430.496,400.932z\"><\/path>\t<\/g><\/g><g>\t<g>\t\t<path d=\"M481.353,259.983c-2.548-47.987-26.696-89.147-67.991-115.901c-23.295-15.091-45.621-25.905-70.261-34.032   c-32.843-10.831-65.56-16.325-97.243-16.325c-65.896,0-113.753,23.253-142.298,42.761c-33.527,22.913-59.111,53.711-68.438,82.385   c-4.133,12.705-7.679,29.87-1.101,39.486c7.056,10.316,24.774,13.351,49.207,14.733c0,0,4.828,0.273,6.151,0.342   c15.108,0.801,37.938,2.01,63.138,13.383c29.424,13.28,54.86,36.649,77.764,71.444c34.383,52.234,84.439,60.037,111.215,60.04   h0.012c28.393,0,57.192-8.784,77.036-23.496c1.423-1.054,2.865-2.174,4.289-3.326   C462.158,359.611,484.035,310.455,481.353,259.983z M411.342,377.295c-1.219,0.988-2.452,1.944-3.667,2.844   c-16.814,12.464-41.549,19.906-66.167,19.906h-0.01c-23.103-0.003-66.292-6.737-95.969-51.823   c-24.863-37.77-52.83-63.299-85.503-78.045c-28.322-12.782-53.212-14.101-69.678-14.974c-1.308-0.071-6.091-0.34-6.09-0.34   c-27.752-1.57-33.82-5.217-35.139-6.779c-0.685-1.508-1.456-8.754,3.364-23.567c8.122-24.971,31.067-52.246,61.378-72.96   c26.418-18.055,70.764-39.577,131.997-39.577c29.737,0,60.53,5.184,91.525,15.407c23.117,7.624,44.106,17.797,66.054,32.016   c36.259,23.49,57.457,59.554,59.688,101.548C465.499,305.606,446.14,349.097,411.342,377.295z\"><\/path>\t<\/g><\/g><g>\t<g>\t\t<path d=\"M357.256,220.773c-31.202,0-56.587,25.385-56.587,56.587c0,31.202,25.385,56.587,56.587,56.587   s56.587-25.385,56.587-56.587C413.843,246.158,388.458,220.773,357.256,220.773z M357.256,315.692   c-21.136,0-38.332-17.196-38.332-38.332s17.196-38.332,38.332-38.332s38.332,17.196,38.332,38.332   S378.392,315.692,357.256,315.692z\"><\/path>\t<\/g><\/g><g>\t<g>\t\t<path d=\"M190.25,134.388c-4.358-2.528-9.945-1.044-12.474,3.316l-52.936,91.269c-2.529,4.36-1.044,9.945,3.316,12.474   c1.441,0.837,3.017,1.234,4.571,1.234c3.147,0,6.211-1.631,7.904-4.549l52.936-91.269   C196.095,142.502,194.61,136.917,190.25,134.388z\"><\/path>\t<\/g><\/g><g>\t<g>\t\t<path d=\"M267.357,136.214c-4.357-2.528-9.945-1.044-12.474,3.316l-69.846,120.424c-2.529,4.36-1.044,9.945,3.316,12.474   c1.441,0.837,3.017,1.234,4.571,1.234c3.147,0,6.211-1.631,7.904-4.549l69.846-120.424   C273.202,144.327,271.718,138.743,267.357,136.214z\"><\/path>\t<\/g><\/g><g>\t<g>\t\t<path d=\"M344.487,153.394c-4.351-2.545-9.94-1.078-12.486,3.272l-91.75,156.932c-2.545,4.351-1.079,9.942,3.272,12.486   c1.448,0.847,3.033,1.249,4.598,1.249c3.136,0,6.19-1.619,7.887-4.522l91.75-156.932   C350.304,161.528,348.839,155.938,344.487,153.394z\"><\/path>\t<\/g><\/g><g>\t<g>\t\t<path d=\"M331.425,338.791c-4.351-2.547-9.942-1.079-12.486,3.272l-9.02,15.429c-2.545,4.351-1.079,9.942,3.272,12.486   c1.448,0.847,3.034,1.249,4.599,1.249c3.136,0,6.19-1.619,7.887-4.522l9.02-15.429   C337.242,346.925,335.777,341.334,331.425,338.791z\"><\/path>\t<\/g><\/g><g>\t<g>\t\t<path d=\"M418.254,189.869c-4.349-2.547-9.94-1.079-12.486,3.272l-11.307,19.34c-2.545,4.351-1.079,9.942,3.272,12.486   c1.448,0.847,3.033,1.249,4.598,1.249c3.136,0,6.19-1.619,7.887-4.522l11.307-19.34   C424.073,198.003,422.607,192.413,418.254,189.869z\"><\/path>\t<\/g><\/g><g><\/g><g><\/g><g><\/g><g><\/g><g><\/g><g><\/g><g><\/g><g><\/g><g><\/g><g><\/g><g><\/g><g><\/g><g><\/g><g><\/g><g><\/g><\/svg>\t\t\t<\/a>\n\t\t<\/div>\n\t\t\t\t\t\t<\/div>\n\t\t\t\t<\/div>\n\t\t\t\t<div class=\"elementor-element elementor-element-e3189a6 elementor-widget elementor-widget-heading\" data-id=\"e3189a6\" data-element_type=\"widget\" data-e-type=\"widget\" data-widget_type=\"heading.default\">\n\t\t\t\t<div class=\"elementor-widget-container\">\n\t\t\t\t\t<h2 class=\"elementor-heading-title elementor-size-default\"><a href=\"https:\/\/venusmenu.com\/index.php\/ana_menu\/ana-yemekler-main-courses\/\">Et Men\u00fcs\u00fc<\/a><\/h2>\t\t\t\t<\/div>\n\t\t\t\t<\/div>\n\t\t\t\t<div class=\"elementor-element elementor-element-176771c elementor-widget elementor-widget-heading\" data-id=\"176771c\" data-element_type=\"widget\" data-e-type=\"widget\" data-widget_type=\"heading.default\">\n\t\t\t\t<div class=\"elementor-widget-container\">\n\t\t\t\t\t<h2 class=\"elementor-heading-title elementor-size-default\"><a href=\"https:\/\/venusmenu.com\/index.php\/ana_menu\/ana-yemekler-main-courses\/\">Meats<\/a><\/h2>\t\t\t\t<\/div>\n\t\t\t\t<\/div>\n\t\t\t\t\t<\/div>\n\t\t<\/div>\n\t\t\t\t<div class=\"elementor-column elementor-col-33 elementor-inner-column elementor-element elementor-element-64d39d3\" data-id=\"64d39d3\" data-element_type=\"column\" data-e-type=\"column\">\n\t\t\t<div class=\"elementor-widget-wrap elementor-element-populated\">\n\t\t\t\t\t\t<div class=\"elementor-element elementor-element-487442f elementor-view-default elementor-widget elementor-widget-icon\" data-id=\"487442f\" data-element_type=\"widget\" data-e-type=\"widget\" data-widget_type=\"icon.default\">\n\t\t\t\t<div class=\"elementor-widget-container\">\n\t\t\t\t\t\t\t<div class=\"elementor-icon-wrapper\">\n\t\t\t<a class=\"elementor-icon\" href=\"https:\/\/venusmenu.com\/index.php\/icecek-menu\/\">\n\t\t\t<svg xmlns=\"http:\/\/www.w3.org\/2000\/svg\" xmlns:xlink=\"http:\/\/www.w3.org\/1999\/xlink\" id=\"Capa_1\" x=\"0px\" y=\"0px\" viewBox=\"0 0 297 297\" style=\"enable-background:new 0 0 297 297;\" xml:space=\"preserve\"><path d=\"M265.49,72.014c2.836-2.897,3.658-7.213,2.086-10.95c-1.57-3.737-5.229-6.168-9.284-6.168h-48.877l37.7-37.7 c3.934-3.934,3.934-10.313,0-14.246c-3.935-3.933-10.311-3.933-14.245,0l-51.946,51.946H38.708c-4.055,0-7.714,2.431-9.284,6.168 c-1.572,3.737-0.75,8.053,2.086,10.95l106.918,109.232v95.609H93.605c-5.563,0-10.073,4.51-10.073,10.072S88.042,297,93.605,297 h109.791c5.563,0,10.073-4.51,10.073-10.072s-4.511-10.072-10.073-10.072h-44.823v-95.609L265.49,72.014z M198.516,111.638 L148.5,162.737l-50.016-51.099H198.516z M234.338,75.041l-16.104,16.451h-45.416l16.451-16.451H234.338z M160.779,75.041 l-16.452,16.451H78.766L62.662,75.041H160.779z\"><\/path><g><\/g><g><\/g><g><\/g><g><\/g><g><\/g><g><\/g><g><\/g><g><\/g><g><\/g><g><\/g><g><\/g><g><\/g><g><\/g><g><\/g><g><\/g><\/svg>\t\t\t<\/a>\n\t\t<\/div>\n\t\t\t\t\t\t<\/div>\n\t\t\t\t<\/div>\n\t\t\t\t<div class=\"elementor-element elementor-element-1308bb6 elementor-widget elementor-widget-heading\" data-id=\"1308bb6\" data-element_type=\"widget\" data-e-type=\"widget\" data-widget_type=\"heading.default\">\n\t\t\t\t<div class=\"elementor-widget-container\">\n\t\t\t\t\t<h2 class=\"elementor-heading-title elementor-size-default\">\u0130\u00e7ecekler<\/h2>\t\t\t\t<\/div>\n\t\t\t\t<\/div>\n\t\t\t\t<div class=\"elementor-element elementor-element-a90e29e elementor-widget elementor-widget-heading\" data-id=\"a90e29e\" data-element_type=\"widget\" data-e-type=\"widget\" data-widget_type=\"heading.default\">\n\t\t\t\t<div class=\"elementor-widget-container\">\n\t\t\t\t\t<h2 class=\"elementor-heading-title elementor-size-default\">Drinks<\/h2>\t\t\t\t<\/div>\n\t\t\t\t<\/div>\n\t\t\t\t\t<\/div>\n\t\t<\/div>\n\t\t\t\t\t<\/div>\n\t\t<\/section>\n\t\t\t\t\t<\/div>\n\t\t<\/div>\n\t\t\t\t\t<\/div>\n\t\t<\/section>\n\t\t\t\t<\/div>\n\t\t","protected":false},"excerpt":{"rendered":"<p>Ana Men\u00fc Main Menu Et Men\u00fcs\u00fc Meats \u0130\u00e7ecekler Drinks<\/p>\n","protected":false},"author":1,"featured_media":0,"parent":0,"menu_order":0,"comment_status":"closed","ping_status":"closed","template":"elementor_canvas","meta":{"_acf_changed":false,"footnotes":""},"class_list":["post-807","page","type-page","status-publish"],"acf":[],"_links":{"self":[{"href":"https:\/\/venusmenu.com\/index.php\/wp-json\/wp\/v2\/pages\/807","targetHints":{"allow":["GET"]}}],"collection":[{"href":"https:\/\/venusmenu.com\/index.php\/wp-json\/wp\/v2\/pages"}],"about":[{"href":"https:\/\/venusmenu.com\/index.php\/wp-json\/wp\/v2\/types\/page"}],"author":[{"embeddable":true,"href":"https:\/\/venusmenu.com\/index.php\/wp-json\/wp\/v2\/users\/1"}],"replies":[{"embeddable":true,"href":"https:\/\/venusmenu.com\/index.php\/wp-json\/wp\/v2\/comments?post=807"}],"version-history":[{"count":28,"href":"https:\/\/venusmenu.com\/index.php\/wp-json\/wp\/v2\/pages\/807\/revisions"}],"predecessor-version":[{"id":1946,"href":"https:\/\/venusmenu.com\/index.php\/wp-json\/wp\/v2\/pages\/807\/revisions\/1946"}],"wp:attachment":[{"href":"https:\/\/venusmenu.com\/index.php\/wp-json\/wp\/v2\/media?parent=807"}],"curies":[{"name":"wp","href":"https:\/\/api.w.org\/{rel}","templated":true}]}}